*4/6 - b**3/2 + 3*b**2/2 - 97*b + 2. Determine y(p).
23
Let x(b) = 9611*b - 19221*b - 5 + 2 + 2 + 9614*b + 2*b**2. Give x(-2).
-1
Let z = -20928 + 20932. Let w(r) be the third derivative of -r**5/60 + r**4/8 + r**3 - 5*r**2. What is w(z)?
2
Let r = -66 - -92. Let x = r - 43. Let v(y) = 14*y**2 + 5*y + 14. Let d(s) = -5*s**2 - 2*s - 5. Let c(k) = x*d(k) - 6*v(k). What is c(-2)?
-3
Let z(w) = -4*w - 12. Suppose c - 4 = 0, -5*h - 15 - 9 = -c. Let i(b) = -3*b - 11. Let q(x) = h*z(x) + 5*i(x). Calculate q(0).
-7
Let i(d) be the first derivative of d**4/4 - d**3/3 - 6*d**2 + 24*d + 5524. Determine i(4).
24
Let a(h) be the third derivative of -h**4/12 - 19*h**3/6 - 751*h**2. Give a(-14).
9
Let r(l) = 4*l**3 + 6271530*l**2 - 6271540*l**2 + 112 - 3*l - 3*l**3. Calculate r(9).
4
Let s(i) = -979 + 2966 - 963 - 989 + 3*i. Determine s(-17).
-16
Let q(o) = 6*o + 6. Suppose -396 = -80*c + 124*c. Calculate q(c).
-48
Let u(k) = -k**2 + 8*k + 2. Suppose -2*h + 108 = 4*f + 32, 3*h + 3*f - 102 = 0. Suppose h*r - 260 = -20. Give u(r).
2
Let c(s) = s**2 - 2*s - 30. Let n(u) = 177*u - 1586. Let h be n(9). Give c(h).
5
Let t(i) = 14*i + 2. Let h be (-6 - (-3 - 4)) + 0. Let y be h + (3 + (-8 - -4))*4. Give t(y).
-40
Suppose -11*j + 979 = 176. Let b = 78 - j. Suppose -4*q - 2*h = -24, 3*q + b*h - 35 = -2*q. Let r(w) = w**2 - 7*w + 1. Give r(q).
-9
Let j(x) be the first derivative of -x**5/30 - x**4/24 - 4*x**3/3 - 13. Let n(h) be the third derivative of j(h). Let f be (-1 - 1) + 6 + -6. Determine n(f).
7
Suppose 2*l + 24*h - 29*h - 29 = 0, -2*l - 5*h = 1. Let t(s) = 69*s**3 - 6*s + 2*s**2 - 70*s**3 + 2 + l*s. What is t(3)?
-4
Let p(m) = 13*m + 3. Let j = -38 - -41. Let x(w) = -w**2 + 3*w - 2. Let z be x(j). Calculate p(z).
-23
Let r = 348 + -346. Let a(q) = q - 56*q**2 + 22*q**2 + 15*q**r + 20*q**2 - 4. What is a(-4)?
8
Let k(z) = -4*z + 71. Let g(j) = j + 1. Let h(v) = 2*g(v) + k(v). Let n be h(30). Let d(m) = m**2 - 12*m - 15. Determine d(n).
-2
Let r(y) = y**3 - 11*y**2 + 18. Let w be r(11). Let f be w/12 - 1/(-2) - -4. Let t(g) = -2 - g + 2 - f. Give t(-4).
-2
Let w(u) be the first derivative of -u**4/4 - 13*u**3/3 - 10*u**2 + 26*u - 1924. Calculate w(-11).
4
Suppose 5*d = 5*f + 80, -5*d + 4*f + 119 - 44 = 0. Let m(l) = l**2 + 13*l + d*l + 12*l - 4 - 38*l. What is m(5)?
11
Let y(c) = -c**2 - 5*c + 1. Suppose j + 57 = 20*j. Suppose 4*f + 2*v = -28, 5*f + 0 = j*v - 13. Determine y(f).
1
Let a(i) = i**2 - i - 17. Suppose -2*k + 10 = -v + 15, 3*v - 3*k = 15. What is a(v)?
3
Suppose d + 4*g - 14 = 0, -d - 3*g = d - 13. Let k be (d/(4/2))/((-6)/(-18)). Let t(p) = p + k*p**2 - 1 + 8*p**2 - 10*p**2. What is t(0)?
-1
Let z(s) = 11*s**2 + 2*s + 1. Let r(f) = f**3 - 2*f**2 + 6*f + 3. Let b(x) = -x**3 + 2*x**2 - 5*x - 3. Let q(j) = 7*b(j) + 6*r(j). Let m be q(2). What is z(m)?
10
Let j(b) = -2*b**2 - 312*b + 1933. Let y be j(6). Let i(g) = g**3 + 13*g**2 + 19*g - 34. What is i(y)?
-1
Let h(y) = 2*y - 203 + 204 + 2*y - 9*y + 6*y. Let d be (-6 - 0)/(9/(-30)). Suppose -4*x - d = x. Calculate h(x).
-3
Let m(o) be the first derivative of 3/2*o**2 - 1/3*o**3 + 24*o - 19. Let x(z) be the first derivative of m(z). Give x(3).
-3
Suppose -3*f = 100 + 314. Let v = 136 + f. Let s(n) = -3*n**2 - 2*n - 1. Give s(v).
-9
Suppose 52 = 4*c + 3*b - 7*b, 0 = -5*c + 4*b + 66. Let r(q) = -16*q + c*q + 4*q + 7. Determine r(-6).
-5
Let r = -3326 - -3359. Let b(n) = -n**3 + 33*n**2 - n + 27. Give b(r).
-6
Let o(f) = f**3 + 5*f**2 - 2*f. Let z(t) = t**3 + 9*t**2 - 14*t + 4. Let m be z(-10). Suppose 11*b = -0*b - m. What is o(b)?
24
Suppose 2*t - 1 = -d, -t + 0*t - 2 = -2*d. Suppose -4*i + 6 + 2 = t. Let l(s) = 0*s - s - 83*s**2 + s**3 + 2 + 86*s**i. Determine l(-3).
5
Let y(i) = -3*i + 2*i**2 - 1 - 7*i**2 + 6*i**2. Let r(j) = j**2 + 8*j - 31. Suppose 3*u = -0*c - 2*c - 23, -40 = 5*u + 3*c. Let w be r(u). Calculate y(w).
-3
Let f(u) = 122631*u + 3 + 0 - 122587*u + 5. Determine f(2).
96
Suppose 229 - 193 = -36*m. Let i(d) = -d**3 + 0*d**2 - 5*d**3 - d**2 + 1. Calculate i(m).
6
Let d be (-12 - -28)/((-2)/6)*(-19)/(-57). Let a(n) = 2*n**2 + 36*n + 72. Calculate a(d).
8
Let j be 34 + -3 + (-8)/(-4). Suppose -i = -0*i + 5, 0 = 2*h - 5*i - j. Let t(d) = 3*d + 18. Let z(u) = -u - 7. Let s(o) = -7*t(o) - 18*z(o). Give s(h).
-12
Suppose -i + 6*i = -40. Let s = i - 0. Let m(j) = -17*j + 7*j + 8 + 11*j. What is m(s)?
0
Let g(z) = -79*z**3 + 3 + 80*z**3 - 60*z + 60*z - 2*z**2. Suppose -x = 5*q + 22, 5*x + 0 = -2*q + 5. Calculate g(x).
12
Suppose -3*r - 6 = n, 0 = -4*n + n - 3*r + 12. Suppose -m + 14 = n. Suppose -4*p - 6 = -m*u - 4, -4*p = 12. Let v(i) = 14*i + 3. Determine v(u).
-25
Let m(x) = -x**2 - 6*x + 4. Let i(a) = 9 - 47 - 15*a + 2*a - 10*a**2 + a**3 + 5*a. Let t be i(11). Give m(t).
9
Let v(r) = -13*r - 94. Suppose -511*p = -667*p - 1404. Give v(p).
23
Let v be 50/(-8) + -2*3/(-24). Let a(x) be the first derivative of -x**3/3 - 4*x**2 - 10*x - 1621. Calculate a(v).
2
Let q be -106 - -95 - (-5 + -14). Let u(j) be the second derivative of -j**5/20 + 2*j**4/3 + j**3/3 + 7*j**2/2 + j. Determine u(q).
23
Let z(o) = 8*o + 19. Suppose -3*r - 15 = 22*b - 24*b, -4*r = -b + 15. What is z(r)?
-5
Let w(h) be the third derivative of -h**5/60 - h**4/3 - h**3/2 + 2*h**2. Let i = 706 - 501. Let f = 199 - i. Give w(f).
9
Let b be (-98)/35 - (-1521)/195. Let j(s) = -30*s + 152. Determine j(b).
2
Let j(i) = -2*i**3 + i**2 - i - 6. Suppose -m - 3 = 0, -5*m = -y - 9*m - 14. Determine j(y).
16
Let o be (70/25)/(4/10). Let q(y) be the third derivative of y**6/120 - 2*y**5/15 + 5*y**4/12 - y**3 - y**2 - 132*y. What is q(o)?
15
Let z(t) be the first derivative of 13*t**2/2 + 43*t + 6642. Determine z(-10).
-87
Let a(v) be the first derivative of -v**3/3 + 18*v + 1643. What is a(0)?
18
Let j(l) = 13*l**2 + 3*l + 13. Let h(p) = 26*p**2 + 4*p + 27. Let s(q) = -4*h(q) + 9*j(q). Let g(i) = -7*i**2 - 6*i - 5. Let u(d) = 11*g(d) + 6*s(d). Give u(3).
8
Let n(g) = 4*g**2 + g. Let i = 53 + -50. Suppose -2*r - 3*r - 18 = 2*f, i = -f - r. Determine n(f).
5
Let h = -1 - -3. Let r(p) be the second derivative of -p**7/1260 + p**6/360 - p**5/60 + p**4/3 + 14*p. Let t(g) be the third derivative of r(g). What is t(h)?
-6
Suppose 12 = -2*p - 2*b, -5*p - 4*b = 27 - 1. Let t(i) = 702*i - 2 + 695*i + 703*i - 2101*i. What is t(p)?
0
Let u(a) = -a**2 - 6*a + 16. Let b be u(2). Suppose 1 = -3*r - r - q, b = 2*r - 2*q - 2. Let m(l) = -l + 24. Give m(r).
24
Let a(t) be the second derivative of 9 + t**2 + 5/6*t**3 + t. Give a(-2).
-8
Let f(q) be the first derivative of -3*q**2/2 - 109*q + 97. Calculate f(-35).
-4
Let q(g) = -3*g - 3. Let m = -125 - -132. Let r be (-12)/(-6)*m/(-2). Give q(r).
18
Let y(k) = -54 - 11*k + 13*k - 9*k - 44*k - 8*k. Let l be y(-1). Let m(o) = 8 - 3 - 5*o**2 + o**3 + 2*o + 1. What is m(l)?
16
Suppose 0 = -3*s - i + 1 + 7, -4*s + 5*i = 2. Let z be 4*((-25)/50)/((-1)/2). Suppose 0 = -z*q + 10 + s. Let g(l) = -2*l**2 + 5*l - 3. Calculate g(q).
-6
Let c(b) = 5*b**2 - 4*b - 12. Let s(n) = -14*n**2 + 12*n + 35. Let q(x) = -17*c(x) - 6*s(x). Let z = -128909 - -128906. Calculate q(z).
-3
Let n(k) = -2*k - 10. Let o(y) = -17*y - 34. Let z be o(-2). Suppose z = -104*m + 105*m + 8. Calculate n(m).
6
Let v be 1*7 + (2 - (-1 + 5)). Suppose -6*c = -4*h - v*c - 8, -2*h + 2 = c. Let f(t) = -31*t**2 - t - 1. Calculate f(h).
-31
Let v(x) = x**2 + 22*x + 11. Let y be v(-21). Let l be (-9 - y)*3/3. Let c(p) = 3 + p**3 - 5*p - 3 + l + 2*p. Determine c(-3).
-17
Let w = -138 + 140. Suppose -5*p = w*c - 14, -5*c + 4*p + 35 = 8*p. Suppose -c = v + 6*v. Let x(g) = -6*g**2 + 1. Calculate x(v).
-5
Let z(j) be the third derivative of j**6/120 + 7*j**5/60 + 7*j**4/12 - 3*j**2 - 8. Give z(-5).
-20
Suppose -1320*y = -1269*y + 663. Let c(a) = -10*a - 78. Determine c(y).
52
Let a(q) = 2*q + 243. Let u(k) = k + 301. Let w(j) = -4*a(j) + 3*u(j). Give w(-16).
11
Suppose 3*l + l - 628 = 0. Let m(i) = 2*i**2 + 11*i + 50. Let g be m(5). Let r = g - l. Let k(s) = -s**3 - 3*s**2 + s + 1. Give k(r).
-5
Let q(j) = -113*j**3 + 37*j**2 - 8*j - 7. Let w(m) = 12*m**3 - 4*m**2 + m + 1. Let t(d) = -2*q(d) - 19*w(d). What is t(-3)?
76
Let u(f) = -f**3 - 5*f**2 + f + 7. Let o = 71 + -182. Let a = -116 - o. Calculate u(a).
2
Let p be 88/(-10) + 68/85. Let t(w) = 4*w - 5. Let d(v)